+ (-2 - -4 - 4). Let q be (-3)/(-6) - 7/(-2). Let g = n - q. What is the units digit of g?
1
Suppose 0 = 5*j - 16*j + 1474. What is the hundreds digit of j?
1
Suppose 3*b = 2*b - d, 0 = 4*b + 3*d - 1. Let y = 0 + b. Let q(v) = 3*v. What is the units digit of q(y)?
3
Suppose 25 = 4*j - 3*u, 4*j - u + 0*u = 27. Suppose -j = -5*s + 58. What is the tens digit of s?
1
Let g(z) = z + 10. Suppose -5*d + 35 = h, 2*d - 19 + 5 = 2*h. What is the units digit of g(d)?
7
Let s(g) = -4*g**3 - g**2 + 7*g - 5. What is the units digit of s(-4)?
7
Let b = -112 - -166. What is the tens digit of b?
5
Suppose -4*r - n + 59 = -2*r, 2*n = 3*r - 78. What is the units digit of r?
8
Let q(g) be the third derivative of -g**5/60 - 13*g**4/24 + g**3/3 + 3*g**2. Let i(d) = -4*d**2 + d + 2. Let j be i(2). What is the tens digit of q(j)?
1
Let y(p) = 9*p + 17. What is the tens digit of y(8)?
8
Suppose 6*i - 2*i + 2 = -5*b, 3*b - 12 = 2*i. Let q = 16 - i. Let u = q + -5. What is the units digit of u?
4
Let n(j) = -j**3 - 2*j**2 - 4*j - 3. Let r be n(-3). Let x be (0 + -2)/(1 - 2). Suppose x*w = 5*w + c - 42, 4*c - r = -2*w. What is the units digit of w?
5
Let f = 17 - 9. Suppose 0 = 3*z - r, z + 3*z = 4*r + f. Let p = z - -4. What is the units digit of p?
3
Let i = -14 + 9. Let p = i + 10. What is the units digit of p?
5
Let d = -52 - -76. What is the units digit of d?
4
Suppose -4*b + 11 = -1. Suppose -2 = -s - 3. Let t = b + s. What is the units digit of t?
2
Let m(u) = -u**2 - 7*u - 4. Let f be m(-5). Let y = f - -7. What is the tens digit of y?
1
Let u = 18 - 10. Let n = u - 5. Suppose -v + 2*v + 4*x = 0, n*v = x + 13. What is the units digit of v?
4
Let v(c) = 3*c + 2. Let t(b) = b**2 + 6*b - 5. Let g be t(-7). Let a be v(g). What is the units digit of 1/(-4) + 18/a?
2
Suppose -2*y - 1 - 9 = 0. Let j = y - 8. Let w = -7 - j. What is the units digit of w?
6
Let q(a) = 21*a**2 + 3*a + 3. What is the tens digit of q(-1)?
2
Let q(m) = m**3 - 2*m**2 - m + 3. What is the tens digit of q(6)?
4
Let s(r) = 4*r - 1. What is the tens digit of s(7)?
2
Let c = 787 + -425. What is the tens digit of c?
6
Let l(i) be the second derivative of i**3/2 - i**2/2 + 3*i. What is the units digit of l(5)?
4
Let w = 320 - 126. What is the units digit of w?
4
What is the units digit of 1/(3/(480/4))?
0
Let j(l) be the third derivative of l**5/60 + l**4/24 - 2*l**3/3 - 2*l**2. Let t be j(0). What is the units digit of (1 + 1)*(-2)/t?
1
What is the tens digit of (1/3)/((-3)/(-135))?
1
Let v be 1 - -1 - (-24)/3. Suppose 4*m = 2 + v. Suppose -3*i - 4*q = -13, -m*i = 2*i - 2*q - 39. What is the units digit of i?
7
Let k = 113 - 78. What is the tens digit of k?
3
Let r(t) = -t**2 - 6*t - 6. Let f be r(-4). Suppose 3*m - 23 = -2*v, 3*v - 3*m - 62 = -f*m. What is the units digit of v?
9
Suppose 50 = 4*l - r, r + 10 = l + 2*r. What is the units digit of (21/(-9))/((-4)/l)?
7
Let w(z) = 14*z**3 - z. What is the units digit of w(1)?
3
Let n = 161 - 105. Let i = -33 + n. What is the tens digit of i?
2
Let l = 231 - 102. What is the units digit of l?
9
Let i be 3*1 - (-2 - -2). What is the tens digit of i*(-3 + 96/9)?
2
Suppose -3*h + 45 = 2*h. What is the units digit of h?
9
Suppose 2*n - 130 = -2*m, 4*m = -2*n + 6*n - 244. What is the tens digit of n?
6
Let k = 5 - -8. What is the units digit of k?
3
Suppose 0 = -2*n - 3*z + 633, -5*z = -2*n + 36 + 589. What is the units digit of n?
5
Let i(j) be the third derivative of j**2 + 0 + 1/60*j**5 - 1/6*j**3 + 0*j**4 - 1/40*j**6 + 0*j. What is the units digit of i(-1)?
3
Suppose -212 = -5*s + 88. What is the tens digit of s?
6
Let d(x) = -x**3 + 11*x**2 - 9*x + 7. What is the tens digit of d(5)?
1
Let d(r) = r**3 - 8*r**2 + 5*r + 3. Let i(f) = f**3 - 7*f**2 + 4*f + 3. Let h(p) = -6*d(p) + 5*i(p). What is the units digit of h(12)?
1
Suppose 2*i = -2*m + 6, 5*m - 2 = 3*i + 21. Suppose m*o = 2*a + 12, -5*o - 2*a + a = -22. Suppose -l + 3 + o = 0. What is the units digit of l?
7
Let y(x) = -x**3 - 2*x**2 + 2*x - 1. Let o be y(-3). Suppose 0 = -o*u + 4*v - 6, -4*v + 0 = -4*u - 12. What is the tens digit of u - (-54)/(6/2)?
1
Let f(k) = -k**3 + 3*k + 8. What is the units digit of f(-4)?
0
Let l(v) = -v**2 + v - 12. Let i be l(0). Let u be 11/((-2)/i*3). Suppose -33 - u = -5*k. What is the units digit of k?
1
What is the units digit of (-8)/(-6) - (-14)/3?
6
Let g(v) = -4*v. Let x be g(-1). Suppose 2*y + c - x = 0, 2*y = 2*c - 0*c + 10. Suppose -8 = -a - y*a. What is the units digit of a?
2
Let g = 32 - 27. Suppose 2*n + 4*u - 70 = 0, 0*n - g*n + 2*u = -223. What is the tens digit of n?
4
Let v(p) = p**2 + 7*p - 9. Let k be v(-8). Let b be -4 - k - 8 - -2. Let a = b - -10. What is the units digit of a?
1
Let l be 0 - (-1 + (-1 - 0)). Suppose l*x - 6 = x. What is the units digit of x?
6
Suppose -o + 2 = 2*o - 2*c, 2*c + 2 = 5*o. Suppose -6*q + q - 10 = o. What is the units digit of q - (-2 - 0) - -7?
7
Let k = 56 + -13. What is the tens digit of k?
4
Let t = -1 - -1. Suppose t = -0*x - 3*x - 3. What is the units digit of 0/7 - (-1 + x)?
2
What is the units digit of 4/80*5*2*214?
7
Suppose 0 = 3*a - z - 31, 4*z - 5 + 19 = a. Let n(r) = a - r + 2*r + 3*r - 3*r. What is the units digit of n(-5)?
5
Let c = 101 + 3. What is the hundreds digit of c?
1
Suppose 0 = 12*t - 16*t + 120. What is the units digit of t?
0
What is the units digit of 78 + 3 - (-2 + -1)?
4
Let o = 116 - 55. What is the units digit of o?
1
Let q = -67 + 155. What is the tens digit of q?
8
Suppose 5*w - 203 = 3*p - 16, p = -3*w + 115. Let n = w - 20. What is the tens digit of n?
1
Let n be ((-4)/6)/(13/(-39)). Let s be ((-6)/8)/(3/12). What is the tens digit of (-4 - s)/(n/(-24))?
1
Let m be (-2)/(-2)*(-10 - -1). Let o = -3 - m. What is the units digit of o?
6
Let n be (6/(-2))/(-3)*2. Let o(r) = 7*r + 1. What is the units digit of o(n)?
5
Let p(o) = -o**3 - 3*o**2 + 4*o + 3. Let y be p(-2). Let q be (y/(-7) - 3)*-7. Suppose 4*x - 6*x = -q. What is the units digit of x?
6
Suppose -3*q + 15 = 4*j - 22, -5*q = 5. Let x(u) = -u**3 + 7*u**2 + 9*u + 8. Let y be x(8). Let t = y - j. What is the units digit of t?
6
Let o(a) = 34*a**2 + a + 1. What is the tens digit of o(1)?
3
Let i(t) = 53*t + 1. What is the units digit of i(2)?
7
Let a(x) = x**2 + x + 1. Let c = 0 - -2. What is the units digit of a(c)?
7
Let s = 17 + -52. Let t = -25 - s. What is the tens digit of t?
1
Let y be (-3 - 1)*(2 - 5). Suppose -2*v - 4*p + 6 = 0, 1 - y = -3*v - 4*p. What is the units digit of v?
5
Let n = -9 + 13. Suppose -4*y + 0*j - 3*j + 107 = 0, -2*y + 48 = -n*j. What is the units digit of y?
6
Let q = -3 - -8. Suppose -q*h - 33 = -3*w, -2*w - 2*h = -0*h - 38. Suppose -2*n + w = -2. What is the units digit of n?
9
Suppose 5*s = 2*s. Suppose 0 = 2*y + 2*m - 1 + 7, 0 = -3*y + 2*m + 1. Let p = s - y. What is the units digit of p?
1
Let n(j) = j**3 + j. Let i(s) be the second derivative of s**5/5 + s**4/3 - s**3/2 - s**2/2 + 2*s. Let p(g) = i(g) - 3*n(g). What is the units digit of p(-5)?
4
What is the tens digit of 1/(5*2/1000)?
0
Suppose -g - 7*x + 2*x = -217, -2*g + 445 = -x. What is the units digit of g?
2
Let b(d) = -d**3 + 3*d**2 + d. Let c be b(3). What is the tens digit of c - -6 - (2 + -4)?
1
Suppose -137 = -4*u - c, 5*u - c - 155 = c. What is the tens digit of u?
3
Let q = -126 + 275. What is the hundreds digit of q?
1
Suppose y - 10 = -2*x, -5*y - 4*x + 2 = -30. What is the units digit of (-10)/(-6) + y/(-6)?
1
Let h be 2/(-4) - 124/8. Let p = -8 - h. Suppose -2*k = p, 5*k - 3*k + 33 = 5*c. What is the units digit of c?
5
Let l(u) = u + 11. Let g be l(-9). Suppose 4*k + g*v = 40, -k + 3*k - 3*v - 12 = 0. What is the units digit of k?
9
Suppose -63*p + 59*p + 184 = 0. What is the units digit of p?
6
Let o = 4 + -1. Let x = 6 - o. Suppose -1 = -x*h + 5. What is the units digit of h?
2
Suppose q - 56 = -2*m + 4*m, 40 = q + 2*m. What is the units digit of q?
8
Suppose -j + 4 = -8. Let m = j + -7. What is the units digit of m?
5
Let l(h) = -h**3 - 12*h**2 + 12*h + 13. What is the units digit of l(-13)?
6
Suppose -66 = -4*o + 2*y, 3*o - 85 = -2*o + 3*y. What is the tens digit of o?
1
Let u(n) be the third derivative of 0 + 0*n - 4*n**2 + 7/24*n**4 - 1/3*n**3. What is the units digit of u(3)?
9
What is the units digit of (2 - 9)/